pose 0 = 4*y - l + 6. List the prime factors of y.
3
Suppose -4*j - 132 = -2*h, -5*h + j = -3*h - 120. Suppose 0 = b - 3*b + h. Suppose b = 2*s + 9. List the prime factors of s.
2, 5
Let u = 283 + -33. List the prime factors of u.
2, 5
Suppose x - 93 = -36. What are the prime factors of (-1)/((-117)/x + 2)?
19
Let q(y) = -2*y**2 - 5*y. Let u be q(-4). Let b(t) = -t + 1. List the prime factors of b(u).
13
Suppose 0 = 5*n - 4 - 6. Let v(y) = 17*y + 2. Let s be v(n). What are the prime factors of (2/6)/(3/s)?
2
Let v(l) = 2*l**3 - 6*l**2 - l + 16. List the prime factors of v(5).
3, 37
Let p = -2 + 2. Let k be p + (-1)/((-3)/6). What are the prime factors of 2 - 0 - 0/k?
2
Suppose -292 + 114 = -2*y. List the prime factors of y.
89
Suppose 5*c + 2*b - 309 = 0, 2*c - 2*b - 3*b - 112 = 0. List the prime factors of c.
61
Let r(v) = v + 4. Let k be r(-3). Suppose 3 = -t - k. Let q(x) = x**2 + 4*x + 6. What are the prime factors of q(t)?
2, 3
Let k(y) = y + 1. Let i be k(-5). Let n = i + 6. Suppose 0*d + 8 = n*d. What are the prime factors of d?
2
Let r = -151 + 184. What are the prime factors of r?
3, 11
Let y(r) = -r**3 + 5*r**2 + 2*r + 4. Let i be y(4). Suppose 5*d = -6*h + 3*h - i, -h = -3*d - 14. Let s = d + 13. List the prime factors of s.
2
Let d(h) = 14*h**2 - h + 1. Let i = 8 + -6. Let r = i - 1. What are the prime factors of d(r)?
2, 7
Suppose 0 = f - 64 - 48. List the prime factors of f.
2, 7
Suppose 4*i = -0 - 12, 3*s = 3*i - 6. Suppose 2*f - 48 = -2*f. Let c = f + s. What are the prime factors of c?
7
Let p be 1/(14/16 - 1). Let m(o) = -2*o**3 + o + 1. Let n(z) = -5*z**3 - z**2 + 2*z + 2. Let q(l) = p*m(l) + 3*n(l). What are the prime factors of q(4)?
2, 3
Suppose 2 = 2*c, -f + 2*c + 86 = 7*c. What are the prime factors of f?
3
Let s = -23 + 80. What are the prime factors of s?
3, 19
Let x = -79 + 92. List the prime factors of x.
13
Suppose 6*x - 139 - 53 = 0. Suppose 0 = -o + 5 + x. What are the prime factors of o?
37
Let t(x) = x**2 - 1. Let f be t(3). Suppose z - f = -z. What are the prime factors of z?
2
Let k(y) be the second derivative of y**4/12 - y**3/2 - 3*y**2/2 + 5*y. List the prime factors of k(-4).
5
Suppose -2*f - f = 18. Let h be (-4)/(-2) + 2/(-2). List the prime factors of ((-10)/6)/(h/f).
2, 5
Let m be -15*2*2/(-10). Suppose 4*h + m = 22. Suppose n - 50 = -h*n. What are the prime factors of n?
2, 5
Let r(t) = -t + 9. Let f be r(7). Let u = 2 + f. What are the prime factors of u?
2
Suppose h + h + 40 = 0. Let m be (-2)/(-6) - h/(-15). List the prime factors of (-1)/((-3)/(-39)*m).
13
Suppose 0 = -5*p + 3*p. Let x be -1 + 6 + p/(-6). Suppose 3*r - 14 = r + x*u, 0 = 3*r + 4*u - 21. What are the prime factors of r?
7
Let j(r) = r**3 + 12*r**2 + 1. Let x be j(-12). What are the prime factors of ((-16)/(-48))/(x/51)?
17
Let j(h) be the first derivative of -h**4/4 - 5*h**3/3 - 3*h**2/2 + 3*h - 3. Let x be j(-6). Suppose 5*i = 2*i + x. What are the prime factors of i?
19
Suppose 2*i + 4 = 3*i. Suppose 2*o = 4 + i. What are the prime factors of o?
2
Let q(n) = 12*n - 6*n - 2 - 2 + n**2. List the prime factors of q(-7).
3
Let v(o) = o + 13. List the prime factors of v(0).
13
Suppose -179 + 19 = 4*v. List the prime factors of ((-15)/(-6) + -3)*v.
2, 5
Suppose -4*v + 584 = 3*h, 3*v - 203 = 2*h - 3*h. What are the prime factors of h?
2, 47
Let o(q) = q**3 - 5*q**2 + 4*q + 8. Let c(w) = -w**2. Let b(u) = -2*c(u) - o(u). Suppose 4*v - 2*v = 12. List the prime factors of b(v).
2
Let o be (-1 + 2/(-10))*-5. Let j be (167 + o/2)/2. Suppose -2*m - 2*r + 6*r = -38, -j = -5*m + 5*r. What are the prime factors of m?
3, 5
List the prime factors of (0 + -1)/(2/(-46)).
23
Let f = -9 + 29. List the prime factors of f.
2, 5
Suppose -6*t + 11*t = -3*z - 35, -t - 5*z = 7. Let x = 12 + t. List the prime factors of x.
5
Let n = -8 + 16. Let t = n - 5. Suppose -t*x + 3 = -2*x. List the prime factors of x.
3
Let b(x) = -x**2 - 4*x + 4. Let y be b(-4). Suppose -6*t + y*t = -20. What are the prime factors of t?
2, 5
Let l = -263 - -465. List the prime factors of l.
2, 101
Let k(l) = l + 16 - 8 + 7. Let b be k(0). List the prime factors of ((-6)/b)/((-1)/35).
2, 7
Let v(j) = 2*j - 10. Let w be v(7). Suppose -3*n - 4 = n - 4*o, 4*o = 5*n + w. Suppose -3*r = 5*c - 21, -11 = -5*c - n*c + 2*r. What are the prime factors of c?
3
Let a = 4 + -13. Let s = -6 - a. List the prime factors of 7/1 - (s - 2).
2, 3
Let v = 127 + -75. List the prime factors of v.
2, 13
Let n(v) be the second derivative of -v**5/20 + v**4/12 - v**3/6 + 20*v**2 - 6*v. What are the prime factors of n(0)?
2, 5
Suppose 0 = q - 3*t - 15, -5*q + 0*q - 2*t + 7 = 0. Suppose -q = v - 2*d + 3, -v = -5*d + 15. Suppose b - 3 - 3 = v. What are the prime factors of b?
2, 3
Suppose -3*x + 4*x = 186. Suppose 172 = 5*q + 4*o, 3*o + 0*o = 5*q - x. List the prime factors of q.
2, 3
Suppose 3*l = 5*b + 26, 2*b - 11 = -2*l - b. Suppose 1 = 4*v - l. Suppose 0 = v*g - 11 - 7. What are the prime factors of g?
3
Let t be (-3 - (-15)/6)*16. Let b = -19 - -41. Let r = t + b. What are the prime factors of r?
2, 7
Let m(o) = -22*o - 2. Let d be m(-2). List the prime factors of (3 - (-1 - d))/2.
23
Let p(k) = -k**2 + 4*k - 1. Let f be p(3). Suppose 0 = -s + f*z + 2, -5*z - 11 = 9. Let t = 0 - s. What are the prime factors of t?
2, 3
Suppose -3*r + 478 = 2*r + 4*q, 5*q = -2*r + 181. What are the prime factors of r?
2, 7
Suppose 5 = 5*j - 20. Suppose 5*y + j*q - 2 = 93, 0 = 2*y - 4*q - 20. What are the prime factors of y?
2
Let h = 159 - 57. List the prime factors of h.
2, 3, 17
Let o(l) = 6*l + 3*l**3 - 5*l**3 + 4 + 3*l**3 - 8*l**2 + l**2. Let s be o(6). Suppose 3*n - 44 = -h, -8*n + s*h = -4*n - 80. What are the prime factors of n?
2
What are the prime factors of ((40/(-3))/4)/((-2)/51)?
5, 17
Suppose 3*s - 172 = -0*s - 5*y, 3*s + y - 176 = 0. List the prime factors of s.
59
Suppose -95 - 31 = -3*f. What are the prime factors of f?
2, 3, 7
Let p(q) = -2*q - 11. Let j be p(-5). What are the prime factors of (j/4)/((-6)/120)?
5
Suppose -2*t - 2*k + 427 = t, -4*t - 4*k + 564 = 0. What are the prime factors of t?
5, 29
Let g(j) = j + 11. Let q be (-15)/((-3)/(-6) - 2). List the prime factors of g(q).
3, 7
Suppose 0*s = -s + 4. Suppose -4 = 2*l - l, -3*i = s*l - 26. List the prime factors of i.
2, 7
Suppose -4*x + i - 3*i = -524, 3*x + 4*i - 393 = 0. What are the prime factors of x?
131
Suppose -88 - 22 = -5*j. What are the prime factors of j?
2, 11
Let k(g) = -g**3 - 6*g**2 + 12*g + 14. List the prime factors of k(-8).
2, 23
Let m = 20 - 4. Let p = 26 - m. List the prime factors of p.
2, 5
Suppose 5*i - 44 = m, -4*i - 4*m + 1 = -15. Suppose v + i - 18 = 0. List the prime factors of v.
2, 5
Suppose u - 2 = 2*i, 0*i + 4*i = 4*u + 8. Let j be (-1)/(-3) - 85/(-15). What are the prime factors of (-2)/j + (-14)/u?
2
Suppose 4 = -0*f + f. Let b(u) = u + 5 + f - 7 + u. List the prime factors of b(6).
2, 7
Suppose 4 = 3*t + 1. Let q = 3 + t. What are the prime factors of q?
2
Let h = 51 + -22. List the prime factors of h.
29
What are the prime factors of (-12)/16 + (-54)/(-8)?
2, 3
Let w = 54 + -11. What are the prime factors of w/2 - (-5)/10?
2, 11
List the prime factors of (-132)/(-18)*(33 - 0).
2, 11
Suppose -h + 264 = 4*s, -s + 5*s - 4*h = 264. List the prime factors of s.
2, 3, 11
Let s be ((-60)/7)/(-2)*7. Let g = s - 17. What are the prime factors of g?
13
Let v(n) = 7*n**2 + n + 4. What are the prime factors of v(3)?
2, 5, 7
What are the prime factors of (-1675)/(-20) - 2*(-3)/24?
2, 3, 7
What are the prime factors of (-30)/4*144/(-30)?
2, 3
Let v = 7 - 5. Let c(j) = j**2 - 3*j + 3. Let z be c(v). Suppose -5*d = z - 26. List the prime factors of d.
5
Suppose 0 = 88*k - 89*k + 10. List the prime factors of k.
2, 5
Suppose j = 5*j + 4. Let k = 23 - j. What are the prime factors of k?
2, 3
Let v = 7 + -5. Suppose -16 = 2*j + 5*p, -2*p = j - v + 8. List the prime factors of ((-20)/(-6))/(j/3).
5
List the prime factors of (7/3)/(-1)*-12.
2, 7
Let v(l) be the second derivative of -l**5/20 + 5*l**4/12 - l**3/3 + 5*l**2/2 + 2*l. What are the prime factors of v(4)?
13
Let b(l) = 2*l**3 - 2*l**2 + 5*l - 2. What are the prime factors of b(3)?
7
Suppose 0 = 2*m + 8 + 20. Suppose -2*t = 2*n, -4*t + 1 + 1 = 5*n. Let i = n - m. What a